alse
Is 476977 a composite number?
False
Is 12391 a prime number?
True
Is 13901 composite?
False
Is 442333 prime?
True
Is 1502 a composite number?
True
Is 196793 a composite number?
True
Is 11239 composite?
False
Is 12833 prime?
False
Is 37651 prime?
False
Is 120283 prime?
True
Is 31873 a composite number?
False
Is 274 prime?
False
Is 14173 prime?
True
Is 38953 a composite number?
False
Is 25391 a prime number?
True
Is 10229 a composite number?
True
Is 6491 a prime number?
True
Is 1604417 a prime number?
False
Is 346565 a prime number?
False
Is 19681 a prime number?
True
Is 18593 a composite number?
False
Is 5381 prime?
True
Is 11437 composite?
False
Is 1007 a composite number?
True
Is 3622649 a composite number?
True
Is 68743 prime?
True
Is 31633 prime?
False
Is 98695 a composite number?
True
Is 1887797 a prime number?
True
Is 10219 a composite number?
True
Is 373903 prime?
True
Is 1318651 a composite number?
True
Is 320267 a prime number?
True
Is 8401 prime?
False
Is 1063037 a prime number?
False
Is 238971 composite?
True
Is 44049 a prime number?
False
Is 133847 prime?
False
Is 35797 composite?
False
Is 1438 a prime number?
False
Is 765619 prime?
True
Is 65449 a prime number?
True
Is 176261 a prime number?
True
Is 924873 prime?
False
Is 249419 prime?
True
Is 254729 composite?
False
Is 167641 prime?
True
Is 62943 composite?
True
Is 17521 prime?
False
Is 111029 a prime number?
True
Is 1906 prime?
False
Is 1655 prime?
False
Is 164309 prime?
True
Is 33409 prime?
True
Is 4111 composite?
False
Is 41863 a composite number?
False
Is 30367 a composite number?
False
Is 295 a prime number?
False
Is 9029 a composite number?
False
Is 1001977 a prime number?
True
Is 6446437 a prime number?
True
Is 965 a prime number?
False
Is 2053 a prime number?
True
Is 48903 composite?
True
Is 864287 a composite number?
True
Is 16537 prime?
False
Is 4373 a composite number?
False
Is 23017 a prime number?
True
Is 1078427 a composite number?
True
Is 499021 prime?
True
Is 738247 a composite number?
False
Is 171131 a prime number?
True
Is 1249 a composite number?
False
Is 2832467 a prime number?
False
Is 5699 a composite number?
True
Is 3716057 composite?
False
Is 216779 prime?
True
Is 2747 composite?
True
Is 276721 a composite number?
False
Is 2657 composite?
False
Is 116627 prime?
False
Is 86677 composite?
False
Is 33403 a prime number?
True
Is 257003 prime?
True
Is 4741 prime?
False
Is 5873 a prime number?
False
Is 2777 a composite number?
False
Is 78609 composite?
True
Is 11705 a prime number?
False
Is 6757 a composite number?
True
Is 147115 a composite number?
True
Is 13495 composite?
True
Is 11366 a composite number?
True
Is 52963 prime?
True
Is 68171 prime?
True
Is 173249 prime?
True
Is 20261 prime?
True
Is 154543 a prime number?
True
Is 190499 composite?
True
Is 6455 composite?
True
Is 125063 a prime number?
True
Is 99113 prime?
False
Is 887 prime?
True
Is 50287 a composite number?
False
Is 61127 a prime number?
False
Is 10259 prime?
True
Is 5167 a prime number?
True
Is 134911 a composite number?
True
Is 96011 a composite number?
True
Is 492985 composite?
True
Is 197887 prime?
True
Is 77807 a prime number?
False
Is 1167 composite?
True
Is 18041 composite?
False
Is 11633 composite?
False
Is 109961 prime?
True
Is 9293 a prime number?
True
Is 1174 a composite number?
True
Is 54217 prime?
True
Is 1479331 a composite number?
True
Is 12223 a composite number?
True
Is 142579 a composite number?
True
Is 25133 composite?
True
Is 289061 composite?
True
Is 7669 prime?
True
Is 1183118 a prime number?
False
Is 498743 a prime number?
False
Is 113327 composite?
False
Is 11631 a prime number?
False
Is 7639 composite?
False
Is 8605 composite?
True
Is 1412141 a composite number?
False
Is 204947 prime?
True
Is 24433 prime?
False
Is 324517 a composite number?
False
Is 72113 composite?
True
Is 65301 composite?
True
Is 215051 a prime number?
True
Is 298799 a composite number?
False
Is 333647 composite?
False
Is 2129 composite?
False
Is 575987 a composite number?
False
Is 145349 a composite number?
False
Is 323571 a prime number?
False
Is 78473 prime?
False
Is 625103 prime?
True
Is 11345 a composite number?
True
Is 11755 composite?
True
Is 64706 a composite number?
True
Is 14173 a prime number?
True
Is 16319 a composite number?
False
Is 78691 prime?
True
Is 7985 a prime number?
False
Is 10057 composite?
True
Is 34249 a prime number?
False
Is 130927 a prime number?
True
Is 1974457 composite?
False
Is 37889 composite?
False
Is 5458 a composite number?
True
Is 5509 a composite number?
True
Is 92347 composite?
False
Is 1128055 composite?
True
Is 35951 prime?
True
Is 1339661 a composite number?
False
Is 28759 a composite number?
False
Is 50633 composite?
True
Is 6059 a composite number?
True
Is 74831 a prime number?
True
Is 420521 a composite number?
False
Is 49919 a composite number?
False
Is 80917 prime?
True
Is 443837 a composite number?
False
Is 261031 a composite number?
False
Is 39971 prime?
True
Is 274627 prime?
True
Is 1293131 a composite number?
True
Is 13577 a prime number?
True
Is 2145763 a composite number?
False
Is 12247 a prime number?
False
Is 83991 a prime number?
False
Is 329047 prime?
False
Is 259151 composite?
False
Is 346 composite?
True
Is 879 a composite number?
True
Is 110521 prime?
False
Is 40574 prime?
False
Is 108487 prime?
False
Is 178649 a prime number?
False
Is 55331 composite?
False
Is 51109 composite?
False
Is 8779 composite?
False
Is 197819 composite?
True
Is 2925773 a composite number?
False
Is 1801 a composite number?
False
Is 78307 prime?
True
Is 26293 a composite number?
False
Is 71741 a prime number?
True
Is 101779 a composite number?
True
Is 2312801 a prime number?
True
Is 116869 a composite number?
True
Is 37717 prime?
True
Is 66121 a prime number?
False
Is 2731289 a prime number?
False
Is 389161 a prime number?
True
Is 94 a prime number?
False
Is 114859 prime?
True
Is 47003 prime?
False
Is 110849 a prime number?
True
Is 1459253 prime?
True
Is 505759 a composite number?
False
Is 81439 composite?
False
Is 9391 prime?
True
Is 35549 prime?
False
Is 36383 prime?
True
Is 2155 composite?
True
Is 685907 a composite number?
False
Is 16483 a prime number?
False
Is 17519 a prime number?
True
Is 302261 composite?
False
Is 541427 a prime number?
False
Is 3979 a composite number?
True
Is 3989 a prime number?
True
Is 5426 composite?
True
Is 1643 prime?
False
Is 233969 a prime number?
True
Is 28187 a prime number?
False
Is 29917 prime?
True
Is 17291 a prime number?
True
Is 55229 a composite number?
False
Is 1101 a composite number?
True
Is 31973 a prime number?
True
Is 425603 a prime number?
True
Is 21553 a prime number?
False
Is 3071 composite?
True
Is 537153 a composite number?
True
Is 8791 prime?
False
Is 29769 prime?
False
Is 26083 composite?
False
Is 469993 composite?
False
Is 88117 composite?
False
Is 149861 a composite number?
False
Is 45061 prime?
True
Is 436177 prime?
False
Is 1380439 a composite number?
False
Is 3713 a prime number?
False
Is 163811 composite?
False
Is 92029 a prime number?
False
Is 340751 a composite number?
True
Is 38989 a composite number?
True
Is 18959 composite?
False
Is 12457 a prime number?
True
Is 521485 a composite number?
True
Is 21635 a composite number?
True
Is 176723 composite?
True
Is 182419 composite?
True
Is 10903 composite?
False
Is 3450833 prime?
False
Is 77213 composite?
False
Is 251383 composite?
True
Is 379 a composite number?
False
Is 1777907 prime?
True
Is 1808327 a composite number?
False
Is 38297 prime?
False
Is 216803 prime?
True
Is 15107 a composite number?
False
Is 290317 a composite number?
False
Is 5711 a prime number?
True
Is 973277 a composite number?
False
Is 3169955 a composite number?
True
Is 13643 a composite number?
True
Is 19337 composite?
True
Is 8999 a prime number?
True
Is 8251 composite?
True
Is 8467 a composite number?
False
Is 11777 composite?
False
Is 3864203 prime?
False
Is 71561 prime?
False
Is 2063 a composite number?
False
Is 8263 a prime number?
True
Is 4381 a prime number?
False
Is 2719081 a prime number?
True
Is 93039 prime?
False
Is 84751 prime?
True
Is 121913 a composite number?
True
Is 30161 a composite number?
False
Is 378401 composite?
False
Is 312311 prime?
True
Is 228533 prime?
Fal